factor of 1588 and 34548.
4
What is the highest common factor of 26036 and 31556?
92
What is the greatest common factor of 420 and 233913?
3
Calculate the greatest common divisor of 4584 and 629884384.
1528
Calculate the highest common factor of 159143 and 129.
43
Calculate the greatest common factor of 147199248 and 432.
432
Calculate the greatest common factor of 31172475 and 201970.
5315
Calculate the highest common factor of 1899942 and 1694.
242
Calculate the highest common divisor of 17332 and 487900133.
4333
What is the highest common factor of 2658109 and 689?
53
Calculate the greatest common factor of 126286 and 24661.
271
What is the greatest common divisor of 43494949 and 757?
757
Calculate the highest common divisor of 24735 and 216240.
255
Calculate the highest common divisor of 8262 and 21264.
6
Calculate the greatest common divisor of 14467057 and 55.
11
Calculate the highest common factor of 1292 and 5782916.
76
Calculate the highest common factor of 3159737 and 403.
31
Calculate the greatest common factor of 188 and 424712.
4
Calculate the highest common divisor of 40812816 and 372431.
7027
Calculate the highest common factor of 50215 and 1847165.
415
Calculate the greatest common factor of 6213 and 2457.
3
Calculate the greatest common divisor of 4849398 and 2583.
369
What is the greatest common factor of 992 and 78084009?
31
What is the highest common divisor of 24624 and 1174656?
912
Calculate the highest common factor of 41335 and 51500.
5
Calculate the highest common factor of 101870239 and 289.
17
What is the greatest common factor of 1330 and 56924665?
665
Calculate the highest common divisor of 189055 and 55.
5
What is the highest common divisor of 203508 and 5724?
36
Calculate the greatest common factor of 29676961 and 178.
89
What is the highest common factor of 181 and 1648367?
181
What is the highest common factor of 1132980 and 600?
60
What is the greatest common factor of 6705 and 375183639?
1341
Calculate the greatest common factor of 48220424 and 14.
14
What is the greatest common divisor of 699020 and 4970?
70
What is the greatest common factor of 41504970 and 4650?
930
Calculate the greatest common divisor of 4242834 and 28.
2
What is the highest common divisor of 89222 and 658?
14
Calculate the greatest common factor of 3808 and 13230182.
238
Calculate the greatest common divisor of 1302155307 and 153.
153
Calculate the greatest common factor of 15038319 and 102.
51
Calculate the highest common factor of 132 and 16506996.
132
What is the highest common divisor of 2604 and 9916900?
868
Calculate the greatest common factor of 14629012 and 1840.
92
Calculate the highest common divisor of 4726 and 36094964.
278
Calculate the greatest common factor of 15 and 589809255.
15
What is the greatest common factor of 51552 and 403152?
48
What is the greatest common divisor of 13098395 and 2390?
1195
Calculate the greatest common divisor of 4180980 and 13260.
1020
Calculate the highest common factor of 5143809 and 33549.
159
Calculate the highest common divisor of 16112 and 546402.
38
Calculate the greatest common factor of 3938 and 141086.
22
Calculate the highest common factor of 1869 and 3369629.
89
What is the highest common divisor of 475012 and 15943?
149
Calculate the highest common factor of 6242733 and 3743.
197
Calculate the greatest common factor of 1084976 and 40592.
688
What is the greatest common factor of 1344 and 311457600?
192
Calculate the greatest common factor of 69048 and 249834844.
3836
What is the highest common factor of 29136913 and 104?
13
Calculate the highest common divisor of 1449284 and 2788.
68
Calculate the greatest common factor of 186 and 272346.
6
What is the greatest common divisor of 477364 and 2406862?
1822
What is the highest common factor of 1868438 and 141?
47
What is the greatest common divisor of 937 and 248691981?
937
Calculate the highest common divisor of 1579674 and 73791.
2733
What is the greatest common factor of 460892822 and 26?
26
What is the greatest common factor of 7315 and 167180335?
665
What is the greatest common divisor of 6418453 and 1016?
127
What is the greatest common factor of 3469392 and 37584?
1296
Calculate the highest common factor of 271 and 13440787.
271
Calculate the greatest common factor of 8732 and 36206707.
59
What is the highest common divisor of 1306250 and 5966?
38
Calculate the highest common factor of 5552 and 188309960.
2776
What is the highest common factor of 161280 and 33432?
168
Calculate the highest common factor of 38 and 50697244.
38
What is the greatest common divisor of 1264 and 62736?
16
Calculate the highest common divisor of 11219 and 6331.
13
What is the highest common factor of 106165925 and 25?
25
Calculate the highest common factor of 490 and 325290.
70
What is the greatest common factor of 149994 and 6982413?
1923
What is the greatest common divisor of 978397010 and 23260?
11630
What is the highest common divisor of 80 and 167714320?
80
Calculate the greatest common divisor of 7 and 5324529.
7
What is the highest common factor of 45029 and 22089?
37
Calculate the highest common divisor of 2868 and 5468448.
12
Calculate the greatest common divisor of 10127446 and 2666.
86
Calculate the greatest common factor of 16291987 and 1033100.
10331
Calculate the greatest common factor of 4934908 and 90288.
836
Calculate the greatest common factor of 55880 and 377736.
8
What is the highest common divisor of 1404 and 6851481?
39
What is the greatest common divisor of 258366 and 646?
34
What is the highest common divisor of 87612 and 79042712?
4172
What is the highest common divisor of 97956617 and 297?
11
What is the greatest common divisor of 729232 and 1284199?
2681
Calculate the greatest common factor of 132 and 14252458.
22
Calculate the greatest common factor of 17199 and 316799847.
5733
Calculate the greatest common factor of 310 and 13404214.
62
What is the greatest common divisor of 12497459 and 699257?
4693
Calculate the highest common factor of 47990169 and 99.
9
What is the greatest common divisor of 3565 and 55085?
115
Calculate the highest common divisor of 6716420 and 95.
5
What is the highest common factor of 94068 and 24228?
36
What is the highest common divisor of 4139396 and 52?
4
Calculate the highest common divisor of 78002547 and 362229.
7707
Calculate the greatest common factor of 4232 and 8470348.
2116
Calculate the greatest common factor of 648 and 421605.
81
What is the greatest common divisor of 1042611750 and 150?
150
Calculate the greatest common factor of 8586 and 1521630.
954
What is the greatest common divisor of 20 and 1925271060?
20
Calculate the highest common factor of 6586 and 11951098.
178
Calculate the highest common divisor of 13 and 10210967.
13
What is the highest common divisor of 345 and 12371907?
69
What is the highest common divisor of 29 and 2233763251?
29
What is the greatest common divisor of 9160876 and 139523?
3403
What is the greatest common factor of 1232 and 178092464?
176
Calculate the highest common factor of 8 and 13974872.
8
What is the highest common divisor of 14 and 6754573?
7
What is the highest common factor of 8676 and 130933854?
4338
What is the greatest common divisor of 1782 and 8082342?
162
Calculate the greatest common divisor of 4306652 and 9028.
148
What is the greatest common factor of 219 and 38277623?
73
What is the highest common factor of 27719 and 275017?
53
Calculate the highest common divisor of 55279734 and 12.
6
What is the highest common factor of 5561315 and 10?
5
Calculate the greatest common factor of 479917 and 2350.
47
Calculate the greatest common factor of 46351116 and 26740.
5348
What is the highest common factor of 161 and 286237?
7
What is the highest common divisor of 216 and 40543389?
27
What is the highest common divisor of 77 and 41515677?
7
What is the greatest common factor of 24467793 and 1827?
609
Calculate the highest common factor of 10260 and 6978852.
2052
What is the highest common divisor of 13937 and 29460827?
1991
Calculate the greatest common factor of 1090028 and 152.
4
Calculate the greatest common factor of 49215 and 1351965.
2895
Calculate the highest common factor of 19855640 and 140.
140
Calculate the highest common diviso